digit of 531?
5
What is the hundreds digit of 1506?
5
What is the tens digit of 97102?
0
What is the ten thousands digit of 40964?
4
What is the hundreds digit of 2789?
7
What is the thousands digit of 80065?
0
What is the units digit of 43758?
8
What is the hundreds digit of 39169?
1
What is the hundreds digit of 119976?
9
What is the thousands digit of 3147?
3
What is the hundreds digit of 1089?
0
What is the thousands digit of 57284?
7
What is the tens digit of 58112?
1
What is the hundreds digit of 37972?
9
What is the thousands digit of 3824?
3
What is the units digit of 4725?
5
What is the thousands digit of 15702?
5
What is the ten thousands digit of 56227?
5
What is the thousands digit of 9401?
9
What is the thousands digit of 1061?
1
What is the tens digit of 1849?
4
What is the hundreds digit of 5591?
5
What is the units digit of 1984?
4
What is the units digit of 2199?
9
What is the tens digit of 1428?
2
What is the hundreds digit of 4548?
5
What is the tens digit of 330?
3
What is the units digit of 10938?
8
What is the units digit of 92?
2
What is the tens digit of 5457?
5
What is the tens digit of 779?
7
What is the units digit of 576?
6
What is the tens digit of 856?
5
What is the thousands digit of 26117?
6
What is the hundreds digit of 1702?
7
What is the tens digit of 2659?
5
What is the ten thousands digit of 43833?
4
What is the hundreds digit of 395?
3
What is the thousands digit of 5229?
5
What is the thousands digit of 6030?
6
What is the tens digit of 772?
7
What is the tens digit of 3339?
3
What is the tens digit of 15658?
5
What is the tens digit of 2909?
0
What is the units digit of 9596?
6
What is the units digit of 54?
4
What is the tens digit of 189652?
5
What is the units digit of 3216?
6
What is the tens digit of 15828?
2
What is the hundreds digit of 30840?
8
What is the tens digit of 443?
4
What is the thousands digit of 2093?
2
What is the thousands digit of 142953?
2
What is the thousands digit of 17640?
7
What is the ten thousands digit of 89640?
8
What is the tens digit of 18129?
2
What is the hundreds digit of 36620?
6
What is the tens digit of 1448?
4
What is the hundreds digit of 1166?
1
What is the hundred thousands digit of 108955?
1
What is the hundreds digit of 7305?
3
What is the tens digit of 2876?
7
What is the hundreds digit of 274?
2
What is the tens digit of 191?
9
What is the tens digit of 535?
3
What is the tens digit of 4278?
7
What is the thousands digit of 53622?
3
What is the units digit of 9564?
4
What is the hundreds digit of 433?
4
What is the tens digit of 1307?
0
What is the units digit of 5944?
4
What is the tens digit of 23?
2
What is the hundreds digit of 42949?
9
What is the units digit of 7614?
4
What is the units digit of 100?
0
What is the hundreds digit of 1828?
8
What is the thousands digit of 17093?
7
What is the thousands digit of 1022?
1
What is the hundreds digit of 29248?
2
What is the thousands digit of 7155?
7
What is the thousands digit of 56138?
6
What is the tens digit of 21541?
4
What is the tens digit of 760?
6
What is the units digit of 1642?
2
What is the units digit of 9229?
9
What is the ten thousands digit of 145037?
4
What is the thousands digit of 3276?
3
What is the ten thousands digit of 15077?
1
What is the hundreds digit of 1846?
8
What is the units digit of 8113?
3
What is the hundreds digit of 4489?
4
What is the ten thousands digit of 17132?
1
What is the units digit of 2233?
3
What is the units digit of 10241?
1
What is the units digit of 2753?
3
What is the ten thousands digit of 10627?
1
What is the units digit of 53499?
9
What is the tens digit of 2168?
6
What is the tens digit of 125805?
0
What is the hundreds digit of 24377?
3
What is the hundreds digit of 3067?
0
What is the tens digit of 14015?
1
What is the tens digit of 1181?
8
What is the tens digit of 674?
7
What is the units digit of 5120?
0
What is the tens digit of 319?
1
What is the units digit of 4436?
6
What is the thousands digit of 154770?
4
What is the units digit of 86485?
5
What is the units digit of 1483?
3
What is the ten thousands digit of 14185?
1
What is the units digit of 22846?
6
What is the tens digit of 30892?
9
What is the units digit of 2531?
1
What is the hundreds digit of 6037?
0
What is the thousands digit of 24393?
4
What is the tens digit of 52155?
5
What is the hundreds digit of 269?
2
What is the hundreds digit of 52933?
9
What is the hundreds digit of 973?
9
What is the ten thousands digit of 22848?
2
What is the tens digit of 179114?
1
What is the thousands digit of 63470?
3
What is the units digit of 123699?
9
What is the ten thousands digit of 48142?
4
What is the thousands digit of 75651?
5
What is the units digit of 216?
6
What is the tens digit of 19166?
6
What is the hundreds digit of 339?
3
What is the tens digit of 53907?
0
What is the thousands digit of 1004?
1
What is the hundreds digit of 1024?
0
What is the hundreds digit of 748?
7
What is the thousands digit of 2894?
2
What is the units digit of 3312?
2
What is the tens digit of 2160?
6
What is the units digit of 5158?
8
What is the tens digit of 132?
3
What is the hundreds digit of 465?
4
What is the units digit of 40425?
5
What is the tens digit of 9924?
2
What is the units digit of 17306?
6
What is the thousands digit of 8009?
8
What is the units digit of 929?
9
What is the thousands digit of 4818?
4
What is the thousands digit of 1094?
1
What is the tens digit of 2468?
6
What is the units digit of 22920?
0
What is the tens digit of 33078?
7
What is the tens digit of 20?
2
What is the units digit of 1093?
3
What is the hundreds digit of 470?
4
What is the thousands digit of 7546?
7
What is the thousands digit of 1110?
1
What is the ten thousands digit of 36643?
3
What is the units digit of 3169?
9
What is the thousands digit of 4326?
4
What is the hundred thousands digit of 123220?
1
What is the thousands digit of 1236?
1
What is the units digit of 21?
1
What is the thousands digit of 4311?
4
What is the tens digit of 3366?
6
What is the hundreds digit of 1011?
0
What is the units digit of 16286?
6
What is the hundreds digit of 4976?
9
What is the units digit of 16139?
9
What is the hundreds digit of 7282?
2
What is the tens digit of 109?
0
What is the units digit of 13194?
4
What is the hundred thousands digit of 158673?
1
What is the hundreds digit of 1683?
6
What is the hundreds digit of 88658?
6
What is the units digit of 283?
3
What is the ten thousands digit of 60165?
6
What is the tens digit of 10758?
5
What is the tens digit of 898?
9
What is the hundreds digit of 526?
5
What is the ten thousands digit of 18530?
1
What is the units digit of 4086?
6
What is the ten thousands digit of 78845?
7
What is the tens digit of 7574?
7
What is the thousands digit of 20423?
0
What is the thousands digit of 6145?
6
What is the ten thousands digit of 99670?
9
What is the units digit of 480?
0
What is the units digit of 246?
6
What is the tens digit of 949?
4
What is the ten thousands digit of 64922?
6
What is the tens digit of 7189?
8
What is the hundreds digit of 10769?
7
What is the thousands digit of 1751?
1
What is the thousands digit of 2493?
2
What is the tens digit of 85843?
4
What is the units digit of 1278?
8
What is the tens digit of 1951?
5
What is the units digit of 87?
7
What is the thousands digit of 50172?
0
What is the units digit of 20138?
8
What is the thousands digit of 14105?
4
What is the units digit of 479?
9
What is the hundreds digit of 192?
1
What is the units digit of 28083?
3
What is the tens digit of 8419?
1
What is the thousands digit of 7737?
7
What is the thousands digit of 75444?
5
What is the units digit of 280?
0
What is the thousands digit of 27398?
7
What is the hundreds digit of 7559?
5
What is the tens digit of 1337?
3
What is the ten thousands digit of 38303?
3
What is the tens digit of 2627?
2
What is the hundreds digit of 696?
6
What is the ten thousands digit of 47633?
4
What is the units digit of 39357?
7
What is the tens digit of 57996?
9
What is the units digit of 13668?
8
What is the hundreds digit of 476?
4
What is the hundreds digit of 3731?
7
What is the tens digit of 15963?
6
What is the tens digit of 2010?
1
What is the ten thousands digit o